 be b(2). Suppose -2*n + k = -v, -5*n + 560 = 5*k - 2*k. What is the greatest common factor of n and 46?
23
Let d be (30/(-3))/(-1 + 0). Let m(f) = -f**2 - 8*f - 5. Let s be m(-6). Let k = d - s. Calculate the greatest common factor of 9 and k.
3
Suppose b = 2*a - 4, 5*a + 5 = -3*b - 7. Let h = b - -125. Calculate the greatest common divisor of 11 and h.
11
Let b(d) = -d**2 - 2*d - 1. Let m be b(-3). Let x = -2 - m. Suppose 3*u + x*w - 162 = u, 5*w - 174 = -2*u. What is the highest common factor of 11 and u?
11
Let z = -7 + 37. What is the greatest common factor of 30 and z?
30
Let l(k) = -k**2 + 13*k - 25. Let w be l(7). Calculate the highest common divisor of 68 and w.
17
Let f = 112 + -80. Let m = -8 - -12. Calculate the highest common divisor of f and m.
4
Suppose 5*a - 2*l - 185 = l, -3*a + 100 = -4*l. Let z be (-15)/(3/(-4)*2). What is the highest common factor of a and z?
10
Let j = 8 - -2. Suppose 0 = -17*q + 16*q + 10. What is the highest common divisor of q and j?
10
Let o = -30 + 106. Let l = o + -43. Let r(v) = 2*v**2 + 6*v + 3. Let f be r(-4). Calculate the greatest common factor of l and f.
11
Let t = 89 - 53. Let y = -45 - -69. What is the highest common divisor of t and y?
12
Let p = -47 - -54. Calculate the greatest common divisor of p and 7.
7
Let l = -134 - -206. What is the highest common divisor of l and 9?
9
Suppose 0 = -0*n + 4*n - 156. What is the highest common divisor of 3 and n?
3
Let p(y) = y**2 - 6*y + 2. Let t be p(6). Let h be (-20)/(t/11*-1). Let x = -11 - -21. What is the highest common divisor of h and x?
10
Let k(m) = -2*m**2 - 3*m + 3. Let t(v) = -v**2 - v - 4. Let u be t(0). Let p be k(u). Let s = -8 - p. Calculate the highest common factor of s and 1.
1
Suppose -5*n - 2*t = 210, 0*t - 5*t = 0. Let h = n - -60. Calculate the greatest common divisor of h and 144.
18
Suppose 0 = n - 4*l + l - 21, 0 = -4*n - 3*l + 39. What is the highest common factor of n and 60?
12
Suppose -20 = -2*n + 4*b + 16, -58 = -4*n + b. Calculate the greatest common divisor of 2 and n.
2
Suppose 4*o = -4*n + 74 + 62, 5*o - 3*n - 170 = 0. Calculate the greatest common factor of 170 and o.
34
Let y(j) be the third derivative of j**4/4 + j**3/2 + j**2. Let z be y(5). What is the highest common divisor of 11 and z?
11
Suppose 5*x - 73 = -2*l, -81 = -2*l - 3*x - 18. Suppose 6*i = 2*w + 2*i - 14, 4 = -2*i. What is the highest common divisor of w and l?
3
Suppose -4*a - r + 4*r = -375, -5*a - 2*r + 440 = 0. Let w be (0 - 1 - 0)/(-1). Let i be (2 - 0)/(w/5). Calculate the greatest common divisor of i and a.
10
Suppose 2*j - p = -j + 3, -4*p = 12. Suppose -2*t - t + 9 = j. What is the highest common divisor of 12 and t?
3
Suppose 0*v + 5 = -4*r - 5*v, 20 = -4*v. Suppose r*z = z + 44. What is the greatest common factor of z and 44?
11
Let q = -60 + 181. What is the greatest common factor of 11 and q?
11
Suppose -b = -4 - 12. What is the highest common factor of b and 176?
16
Suppose 2 = -5*w + 27. Let g = w - 2. Let v be g - 4 - (0 - 5). What is the greatest common factor of v and 12?
4
Let f(m) = 6*m - 5. Let p(j) = 5*j - 4. Let a(w) = 4*f(w) - 5*p(w). Let z be a(-2). Suppose 19 = z*c - 23. Calculate the greatest common factor of c and 14.
7
Let i be (-435)/(-25)*(4 + 1). What is the greatest common factor of 58 and i?
29
Let d = -39 - -84. Suppose -3*h + 4*h = -2*y + 128, 0 = -2*h - 4. Let r = y + -35. What is the greatest common factor of r and d?
15
Let u(y) = 0*y + y + 4*y + 3. Let g be u(3). Let a be 238/18 - 4/g. Calculate the greatest common divisor of a and 104.
13
Suppose 3*k - 2*a - 56 = 3*a, -74 = -3*k - 4*a. Suppose z = -z + k. Calculate the greatest common factor of z and 77.
11
Suppose -25 + 5 = -4*f. Let y(d) = 4*d**2 - 7*d. Let n be y(f). Suppose 0*v = -5*v + n. Calculate the highest common factor of v and 39.
13
Let r be ((3 - 1) + 2)*2. Let k(a) = 11*a**3 - 4*a**2 + a + 0*a**2 + 2 + 3*a**2. Let g be k(2). What is the greatest common divisor of r and g?
8
Suppose 0 = -2*a + 3*p + 249, 0 = -a + 2*p - p + 122. Calculate the highest common divisor of a and 9.
9
Let n(m) = m - 11. Let u be n(7). Let a be (-6)/9*54/u. Calculate the highest common divisor of 9 and a.
9
Let r = -46 - -71. Let d be (-128)/5 + 4/(-10). Let u = -16 - d. What is the greatest common factor of r and u?
5
Suppose 6*s = s + 45. Suppose 4*j + 1 = s. Let u be j + (-2)/1 + 72. What is the highest common factor of u and 9?
9
Suppose -2*r + 48 = r. Calculate the highest common factor of r and 4.
4
Suppose 5*k = l + 251, -3*k + 5*l = -4*k + 45. Suppose -4*o = o - k. Calculate the highest common factor of o and 5.
5
Let a be 8*(-2 - (1 - 2)). Let r be 2/a - 154/(-8). Let y = 31 - r. What is the greatest common factor of 30 and y?
6
Suppose 11*d - 63 = 2*d. What is the highest common factor of 28 and d?
7
Suppose 2*f = 2*c - 24, 3*f - c + 32 = 4*c. Let p = f - -26. Calculate the highest common factor of 132 and p.
12
Let f be (-100)/(-8)*(-16)/(-5). Let m(w) = -w + 7. Let l be m(7). Suppose l = -2*n + 5 + 5. Calculate the highest common factor of n and f.
5
Suppose 5 = 4*d + 1. Let n(i) = 13*i**3 - 2*i**2 + 1. Let g be n(d). What is the highest common divisor of g and 2?
2
Let g = 13 + -7. Let p be g/(-4)*2*-2. Calculate the greatest common divisor of 30 and p.
6
Let d(t) = -2*t + 2. Suppose 0*p - 4*p = 2*h + 12, -5*p = 3*h + 18. Let o be d(h). Calculate the greatest common factor of 2 and o.
2
Suppose -4*k + 32 + 33 = -5*s, -k + 13 = 2*s. Let t = -10 + k. Suppose 0*z - 15 = -t*z. What is the greatest common divisor of 15 and z?
3
Suppose -4*d + 342 = 5*c, 0 = -c + d + 38 + 25. Suppose -3*i = -4*u - 62, -2*u + 31 - 7 = i. What is the highest common divisor of i and c?
22
Let w be (10/(-5))/(2/(-3)). Suppose -5*b + 75 = -w*u, b - u - 7 - 10 = 0. What is the greatest common divisor of b and 60?
12
Suppose -3*k + 10 = -4*k. Let o be (-20)/(-25) - 82/k. Calculate the highest common divisor of o and 9.
9
Let y be 30/(-2)*(-4)/(-10). Let r(f) = 0*f**3 - 7 + 0*f**3 + f**3 + 7*f**2 - 8*f. Let n be r(y). What is the greatest common factor of n and 7?
7
Suppose -2*w - 4*i + 112 = 0, 0 = -i + 1 + 4. What is the highest common factor of w and 23?
23
Let p be 8/(-36) - 1084/(-18). Suppose -5*t = z - 3*z - p, 0 = 5*t + 2*z - 40. Calculate the highest common divisor of 90 and t.
10
Let x(f) = 7*f**2 - 5*f + 20. Let b be x(4). Calculate the highest common factor of 16 and b.
16
Let q be (-1)/5 + (-24)/5. Let t be 3 - 3 - (q + -1). Let w be 32 - (-1)/(1/(-2)). Calculate the greatest common divisor of t and w.
6
Let y = 9 + -12. Let s = y + 7. Suppose 4*c + 35 = 4*j - 45, -s*c = 3*j - 74. What is the greatest common factor of j and 11?
11
Let t be 1/(1/3*1). Suppose -n - t*n = -480. Suppose d = -4*d + n. Calculate the greatest common divisor of d and 6.
6
Let y(q) be the third derivative of 5*q**4/12 - q**3/2 + 3*q**2. Let f be y(2). Let d = f + -2. Calculate the greatest common factor of 5 and d.
5
Let f = 22 - 24. Let b = 7 - 3. Let p be f/(b/(-6))*32. What is the highest common divisor of 12 and p?
12
Let u(o) be the first derivative of o**2/2 + 16*o - 3. Let d be u(0). Let t = 62 + -22. What is the greatest common divisor of d and t?
8
Let z = 180 + -165. Calculate the highest common divisor of z and 25.
5
Suppose -2*i - i + 13 = -u, 5*u = -5. Let n be 226/i + (-1)/2. Suppose -2*d + n = -2*r + 5*r, r = -5*d + 140. Calculate the greatest common divisor of 70 and d.
14
Let l = 12 - 7. Suppose -l*a + 4*m + 45 = -159, 0 = -m - 1. Calculate the highest common factor of 20 and a.
20
Let s = -33 + 46. Let n(i) = 105*i**2 + 2*i + 1. Let b be n(-1). What is the highest common divisor of s and b?
13
Let s be 98*(-4)/(-13) + 2/(-13). Suppose 0 = -5*b, 5*n + 18 = -2*b + 93. Calculate the highest common divisor of n and s.
15
Let w(f) = -f**3 - 10*f**2 + f + 6. Let p be w(-10). Let l = 13 + p. What is the greatest common divisor of l and 1?
1
Suppose 4 - 3 = y. Let k = 9 + y. Let b be (-1 - -1 - -1)*k. What is the highest common divisor of b and 40?
10
Suppose -4*i = 5*t - 2*t + 94, 2*t - 84 = 4*i. Let d = 11 - i. Suppose 3*y - 11 = -w, 34 = -5*w - 5*y + 89. Calculate the greatest common factor of w and d.
11
Let q(n) = -n + 25. Let c be q(13). Calculate the highest common divisor of c 